e factors of 279423544.
2, 34927943
List the prime factors of 122750782.
2, 7, 11, 16267
List the prime factors of 432016582.
2, 216008291
What are the prime factors of 89259594?
2, 3, 97, 103, 1489
List the prime factors of 609120676.
2, 17, 457, 1153
What are the prime factors of 1166149544?
2, 7, 17, 887, 1381
List the prime factors of 2149656483.
3, 13, 127, 434011
What are the prime factors of 32031618?
2, 3, 31, 172213
List the prime factors of 517101178.
2, 11, 53, 317, 1399
List the prime factors of 14303085.
3, 5, 953539
What are the prime factors of 2090814891?
3, 11, 19, 293, 599
List the prime factors of 325870618.
2, 37, 4403657
List the prime factors of 76526335.
5, 271, 56477
What are the prime factors of 494806823?
7, 70686689
List the prime factors of 11906364.
2, 3, 23, 179, 241
List the prime factors of 1031220745.
5, 157, 1313657
List the prime factors of 237205047.
3, 2593, 30493
List the prime factors of 70919989.
7, 19, 53, 10061
List the prime factors of 23963070.
2, 3, 5, 79, 10111
List the prime factors of 46889841.
3, 37, 422431
List the prime factors of 3365761226.
2, 1682880613
List the prime factors of 461607093.
3, 5698853
List the prime factors of 154554978.
2, 3, 29, 888247
What are the prime factors of 54443173?
887, 61379
List the prime factors of 1342403852.
2, 29, 199, 58153
List the prime factors of 4221624987.
3, 61, 854407
What are the prime factors of 1352989248?
2, 3, 13, 542063
List the prime factors of 189441495.
3, 5, 19, 67, 3307
What are the prime factors of 261452905?
5, 7, 83, 90001
List the prime factors of 298186469.
7, 347, 122761
What are the prime factors of 291386794?
2, 31, 103, 443
List the prime factors of 1673300788.
2, 433, 966109
What are the prime factors of 1000768979?
7, 47, 3041851
List the prime factors of 278275820.
2, 5, 13913791
List the prime factors of 1449760410.
2, 3, 5, 7, 41, 53, 353
What are the prime factors of 10432579?
983, 10613
List the prime factors of 33772626.
2, 3, 69491
List the prime factors of 2848160108.
2, 24821, 28687
What are the prime factors of 444414414?
2, 3, 139, 233, 2287
What are the prime factors of 411702127?
19, 2591, 8363
List the prime factors of 19977064.
2, 23, 108571
List the prime factors of 23584196.
2, 5896049
List the prime factors of 27671484.
2, 3, 23, 107, 937
What are the prime factors of 169806860?
2, 5, 107, 79349
What are the prime factors of 226541163?
3, 577, 130873
What are the prime factors of 735846884?
2, 183961721
List the prime factors of 5908180195.
5, 1181636039
List the prime factors of 1338880005.
3, 5, 103, 151, 1913
What are the prime factors of 938879918?
2, 23, 20410433
List the prime factors of 958379141.
41, 43, 543607
What are the prime factors of 123699353?
67, 149, 12391
List the prime factors of 542130609.
3, 4643, 38921
List the prime factors of 320013407.
7, 37, 1235573
What are the prime factors of 29603866?
2, 43, 344231
What are the prime factors of 222682696?
2, 61, 71, 6427
List the prime factors of 26331912.
2, 3, 17, 71, 101
What are the prime factors of 1693749616?
2, 13, 1931, 4217
List the prime factors of 67957890.
2, 3, 5, 7, 11, 13, 31, 73
List the prime factors of 327838.
2, 7, 23417
What are the prime factors of 193600186?
2, 13, 509, 14629
What are the prime factors of 2577005?
5, 515401
List the prime factors of 134635948.
2, 33658987
What are the prime factors of 933804383?
43, 21716381
List the prime factors of 69457323.
3, 13, 1780957
What are the prime factors of 649889627?
16937, 38371
List the prime factors of 73431825.
3, 5, 607, 1613
What are the prime factors of 28532463?
3, 1433, 6637
What are the prime factors of 118013376?
2, 3, 13, 3637
List the prime factors of 994330084.
2, 11, 31, 66271
List the prime factors of 336428272.
2, 37, 739, 769
What are the prime factors of 39361654?
2, 19, 47, 22039
What are the prime factors of 276044383?
37, 293, 25463
What are the prime factors of 2472924508?
2, 107, 163, 35447
List the prime factors of 1395020009.
661, 2110469
List the prime factors of 79153936.
2, 4947121
What are the prime factors of 123095987?
7, 61, 41183
List the prime factors of 779355580.
2, 5, 38967779
What are the prime factors of 3385881879?
3, 5197, 217169
List the prime factors of 4603018696.
2, 47, 2203, 5557
List the prime factors of 1129101515.
5, 29, 7786907
List the prime factors of 1667715891.
3, 555905297
What are the prime factors of 51401922?
2, 3, 11, 13, 139, 431
List the prime factors of 153218524.
2, 2141, 17891
List the prime factors of 3633442013.
3633442013
What are the prime factors of 41178675?
3, 5, 17, 32297
List the prime factors of 139227309.
3, 13, 79, 5021
List the prime factors of 949064868.
2, 3, 43, 409, 1499
List the prime factors of 120496621.
7, 43, 400321
What are the prime factors of 48461277?
3, 31, 47, 11087
What are the prime factors of 313881011?
331, 948281
List the prime factors of 593239031.
7, 11, 311, 3539
List the prime factors of 2971981203.
3, 197, 5028733
What are the prime factors of 46188451?
47, 607, 1619
List the prime factors of 11461621.
17, 53, 12721
What are the prime factors of 200281196?
2, 50070299
List the prime factors of 1346453675.
5, 7, 7694021
What are the prime factors of 4695468?
2, 3, 17, 23017
What are the prime factors of 41267883?
3, 571, 24091
List the prime factors of 95340672.
2, 3, 7, 563
List the prime factors of 73639555.
5, 11, 29, 137, 337
List the prime factors of 502228497.
3, 283, 591553
List the prime factors of 781225751.
23, 29, 1171253
What are the prime factors of 176702366?
2, 167, 529049
What are the prime factors of 117956392?
2, 14744549
List the prime factors of 1806646536.
2, 3, 47, 533879
What are the prime factors of 1756847089?
41, 163, 262883
List the prime factors of 499354970.
2, 5, 89, 131, 4283
List the prime factors of 48066826.
2, 23, 1044931
List the prime factors of 169333057.
47, 3602831
What are the prime factors of 17285145?
3, 5, 1152343
What are the prime factors of 328168334?
2, 13, 2917, 4327
List the prime factors of 164083957.
6367, 25771
What are the prime factors of 152521229?
7, 17, 1281691
What are the prime factors of 71987292?
2, 3, 13, 211
What are the prime factors of 48935226?
2, 3, 89, 91639
List the prime factors of 96031350.
2, 3, 5, 59, 3617
List the prime factors of 519213077.
519213077
List the prime factors of 125726254.
2, 17, 41, 90191
What are the prime factors of 4235572123?
79, 53614837
List the prime factors of 1737175787.
17, 811, 126001
List the prime factors of 7076383.
1051, 6733
List the prime factors of 5297391.
3, 11, 73, 733
List the prime factors of 237492888.
2, 3, 149, 66413
List the prime factors of 96096623.
7, 19, 47, 15373
List the prime factors of 11300972.
2, 19, 241, 617
What are the prime factors of 762825858?
2, 3, 257, 494699
What are the prime factors of 98927313?
3, 229, 143999
List the prime factors of 695850771.
3, 7, 11, 449, 6709
List the prime factors of 772336734.
2, 3, 13, 23, 430511
What are the prime factors of 4218187?
2027, 2081
List the prime factors of 632709907.
29, 31, 73, 311
List the prime factors of 2679854906.
2, 79, 16961107
What are the prime factors of 718959876?
2, 3, 37, 241, 6719
What are the prime factors of 1079088644?
2, 83, 199, 16333
What are the prime factors of 573566660?
2, 5, 28678333
List the prime factors of 423671848.
2, 52958981
List the prime factors of 388170005.
5, 401, 193601
What are the prime factors of 96403816?
2, 1489, 8093
List the prime factors of 248092297.
248092297
What are the prime factors of 9009857?
19, 227, 2089
List the prime factors of 364193812.
2, 37, 1231, 1999
What are the prime factors of 62145048?
2, 3, 7, 19, 19469
What are the prime factors of 72607324?
2, 61, 337, 883
What are the prime factors of 263291030?
2, 5, 1091, 24133
List the prime factors of 156893164.
2, 197, 199103
List the prime factors of 240449669.
240449669
List the prime factors of 19691860.
2, 5, 984593
What are the prime factors of 2842389977?
7, 61, 67, 73, 1361
List the prime factors of 205085735.
5, 2437, 16831
What are the prime factors of 1501000?
2, 5, 19, 79
What are the prime factors of 8323522826?
2, 1559, 2669507
What are the prime factors of 46839484?
2, 19